7052590 and 750.
30
What is the greatest common divisor of 68 and 4991418?
2
What is the greatest common factor of 49519 and 10097?
23
What is the greatest common factor of 19857402 and 9423?
3141
What is the greatest common factor of 9541 and 1072043?
203
What is the greatest common factor of 171915 and 322635?
2355
What is the highest common factor of 10186 and 90500758?
926
Calculate the highest common divisor of 10250818 and 4.
2
What is the highest common factor of 49 and 532474523?
49
Calculate the greatest common divisor of 1957817 and 4845.
19
What is the greatest common factor of 267 and 1472043?
3
What is the greatest common divisor of 1770936 and 1353288?
2712
Calculate the greatest common divisor of 909900915 and 770.
385
What is the greatest common factor of 99224 and 5199840?
1256
What is the greatest common divisor of 31704 and 52254797?
1321
Calculate the greatest common factor of 2975816160 and 480.
480
What is the greatest common factor of 55 and 6686515?
55
Calculate the greatest common divisor of 1232 and 37125.
11
Calculate the greatest common divisor of 191339420 and 1360.
340
What is the greatest common factor of 71431 and 32635?
61
Calculate the greatest common divisor of 104681264 and 2752.
688
Calculate the highest common divisor of 60834380 and 1718.
1718
Calculate the highest common factor of 18 and 79021377.
9
Calculate the greatest common divisor of 3890 and 162436675.
1945
Calculate the highest common factor of 21 and 442556121.
21
What is the highest common divisor of 14 and 221922204?
14
What is the highest common divisor of 1361967294 and 43?
43
What is the greatest common factor of 24 and 75457416?
24
What is the greatest common factor of 25 and 141456955?
5
Calculate the greatest common factor of 609254556 and 24.
12
What is the greatest common divisor of 13182314 and 57?
19
What is the highest common factor of 2160 and 834219?
27
Calculate the highest common factor of 487663 and 394955.
473
Calculate the greatest common factor of 15 and 939.
3
What is the highest common factor of 14942 and 211606?
62
Calculate the highest common divisor of 112293 and 3753.
27
Calculate the highest common factor of 119834 and 119093.
13
Calculate the highest common divisor of 24370 and 265.
5
What is the greatest common divisor of 1566 and 3290490?
54
What is the greatest common divisor of 24 and 130336608?
24
Calculate the highest common factor of 408 and 19314788.
68
Calculate the greatest common divisor of 27058836 and 12576.
1572
Calculate the highest common divisor of 15227193 and 486812.
7159
What is the highest common factor of 2821485 and 68256?
237
Calculate the greatest common factor of 3915 and 44446473.
261
Calculate the greatest common divisor of 11580 and 412882005.
2895
Calculate the highest common factor of 97552 and 6047152.
1072
Calculate the greatest common factor of 200 and 9919550.
50
Calculate the highest common factor of 258334 and 21246226.
6982
Calculate the greatest common factor of 673380235 and 627.
209
What is the greatest common factor of 1410933 and 656?
41
Calculate the greatest common divisor of 120184 and 824.
8
Calculate the highest common divisor of 257157 and 1926.
9
Calculate the highest common factor of 1246598114 and 15410.
3082
Calculate the greatest common factor of 4944 and 105024.
48
What is the highest common divisor of 66 and 13159956?
6
Calculate the highest common divisor of 8808 and 1277616.
24
Calculate the greatest common divisor of 68637400 and 200.
200
What is the greatest common factor of 112624 and 5968?
16
Calculate the greatest common factor of 17617 and 22300.
223
Calculate the highest common divisor of 9 and 1516698.
9
Calculate the greatest common divisor of 1044 and 30143250.
18
Calculate the highest common factor of 104 and 71563713.
13
Calculate the highest common factor of 390 and 20659755.
15
Calculate the greatest common divisor of 210 and 36722196.
42
What is the highest common divisor of 71884201 and 18335?
3667
What is the greatest common factor of 4992 and 2634624?
384
What is the greatest common divisor of 13 and 25564487?
13
Calculate the greatest common factor of 87332 and 323627440.
12476
What is the greatest common factor of 1619 and 963073483?
1619
Calculate the highest common divisor of 3019563 and 27.
9
Calculate the greatest common factor of 3592278 and 173466.
414
What is the highest common divisor of 244652375 and 1375?
1375
Calculate the greatest common factor of 18 and 6230604.
6
What is the greatest common divisor of 3148232 and 80?
8
Calculate the greatest common divisor of 2116 and 103799.
23
Calculate the highest common divisor of 55308820 and 4216.
68
What is the greatest common factor of 1662 and 26812492?
554
What is the greatest common factor of 458602 and 513386?
214
Calculate the highest common divisor of 78030 and 10511100.
4590
What is the highest common divisor of 10961640 and 300?
60
Calculate the greatest common factor of 32561924 and 3996.
148
What is the greatest common factor of 14 and 2033536148?
14
Calculate the highest common divisor of 10 and 1740577750.
10
What is the greatest common factor of 37329 and 36247?
541
What is the greatest common divisor of 120 and 125841530?
10
What is the highest common factor of 1108 and 3256437484?
1108
What is the highest common divisor of 188740 and 191960?
20
What is the highest common factor of 8420 and 1354940?
20
What is the greatest common factor of 32 and 70509104?
16
Calculate the highest common divisor of 5674877 and 26.
13
Calculate the greatest common divisor of 135559172 and 28.
28
What is the highest common factor of 6716 and 166600454?
3358
Calculate the greatest common divisor of 278099 and 134749.
2867
Calculate the greatest common factor of 7673649 and 7003.
149
Calculate the highest common factor of 714 and 41882883.
357
Calculate the greatest common divisor of 46027458 and 54.
18
What is the highest common divisor of 352846 and 65?
13
Calculate the greatest common divisor of 942500 and 4700.
100
Calculate the greatest common factor of 206739 and 1728.
27
What is the greatest common factor of 134784 and 64395648?
10368
What is the greatest common divisor of 293420 and 520?
20
What is the highest common factor of 91357 and 1906709?
2947
Calculate the highest common divisor of 416 and 11998848.
32
What is the greatest common factor of 312 and 1666248?
24
Calculate the greatest common divisor of 2125 and 7788295.
85
Calculate the highest common factor of 249040 and 2112880.
880
Calculate the greatest common factor of 2325 and 7715094.
93
Calculate the highest common factor of 6 and 56970864.
6
What is the greatest common factor of 260700 and 29400?
300
What is the greatest common divisor of 4343 and 203003?
43
What is the greatest common factor of 172020436 and 84?
28
What is the greatest common factor of 25301529 and 891?
99
Calculate the greatest common factor of 1398 and 218442.
6
What is the greatest common factor of 2739328 and 1536?
128
Calculate the highest common factor of 1573 and 263133013.
1573
What is the greatest common divisor of 35220440 and 2408?
344
What is the highest common factor of 106241949 and 3102?
1551
Calculate the highest common divisor of 2449 and 2511726.
79
What is the highest common divisor of 6237 and 1457379?
2079
What is the highest common factor of 345908017 and 299?
299
Calculate the greatest common divisor of 7364286 and 450.
18
What is the highest common factor of 2943 and 47358?
27
Calculate the greatest common divisor of 28670 and 1224880.
610
What is the highest common factor of 10426 and 19266?
26
Calculate the greatest common factor of 38252480 and 182.
14
Calculate the highest common factor of 24 and 125595224.
8
Calculate the greatest common factor of 5566 and 8371586.
46
Calculate the highest common divisor of 7961500 and 20.
20
What is the greatest common factor of 195134 and 42471142?
4538
What is the greatest common divisor of 5445 and 1313455?
605
Calculate the highest common factor of 16777200 and 35670.
1230
What is the highest common divisor of 53328691 and 13?
13
Calculate the highest common factor of 4094979 and 1029.
147
Calculate the greatest common factor of 2250480096 and 54.
18
What is the greatest common div